)*-5 + (-440)/88. What is the greatest common divisor of l and 75?
75
Let x(y) = -2*y**2 - 27*y - 23. Let l be x(-13). Let n(a) = -a**3 - 10*a**2 - 17*a + 10. Let t be n(l). What is the highest common factor of 20 and t?
20
Let a be (1624/16)/(-4 + (-147)/(-36)). What is the highest common divisor of a and 126?
42
Let f be (-684)/(-5) - (-32)/(-40). Calculate the greatest common factor of 102 and f.
34
Let x = -17 - -29. Let u be 397/3 + 8/(-24). What is the highest common factor of u and x?
12
Let o(t) = t**3 - 9*t**2 + 3*t - 9. Let a be o(9). What is the greatest common factor of 45 and a?
9
Suppose -2*m - 108 = -5*f + 2*m, 106 = 5*f - 3*m. Calculate the highest common divisor of 30 and f.
10
Suppose 5*f + 241 - 306 = 0. Suppose 3*a = 4*x - 24, 5*a = -2*x + 4*x - 12. Suppose k - x*k + 325 = 0. Calculate the greatest common divisor of k and f.
13
Let f(k) = 4*k**2 + 11*k + 2. Let j = 19 + -18. Let o be (j - 0)/(1/(-8)). Let i be f(o). What is the greatest common divisor of i and 68?
34
Let u(m) = 98*m - 2. Let h be u(1). Calculate the greatest common divisor of h and 48.
48
Suppose 4*w = -247 + 607. Calculate the highest common divisor of w and 63.
9
Let z(a) = a**2 - 5*a + 8. Let v be z(5). Suppose 0*u - 4*u = -v. Calculate the greatest common factor of 22 and u.
2
Let l = -52 + 50. Let r be (-1 + 0)*-89 - l. Calculate the highest common factor of 13 and r.
13
Suppose 7 = -2*n + a, 0*n = -5*n + 3*a - 15. Let t be 78/4 - n/(-4). Calculate the greatest common factor of t and 27.
9
Suppose 3*l - 5 = 1. Let q(r) = -10*r**2 - r**3 + 3*r**l + 1 - 7*r - r**2. Let y be q(-7). Calculate the highest common divisor of 1 and y.
1
Let t be 107 - -3 - (1 - 1). Let p be -5*((-4 - -1) + 2). Let c = p + 5. Calculate the greatest common divisor of c and t.
10
Let x(g) = 15*g**2 - 5. Let t be x(-2). Let u be -3 - (2 + 2)*-2. Calculate the greatest common factor of u and t.
5
Let z be ((-2)/(-4))/(2/120). Let d be ((-240)/56)/((-27)/252). Calculate the greatest common divisor of z and d.
10
Suppose 18*b + 622 - 2872 = 0. What is the highest common divisor of b and 5?
5
Suppose 0 = -q - 21 + 36. What is the greatest common factor of q and 40?
5
Let w(c) = -19*c**2 + 4*c + 3. Let d(y) = -38*y**2 + 8*y + 7. Let n(b) = 6*d(b) - 13*w(b). Let i be n(3). Calculate the greatest common factor of 27 and i.
27
Let o(n) = -69*n - 772. Let l be o(-13). What is the greatest common divisor of 50 and l?
25
Suppose -5*y = -4*y - 638. What is the highest common factor of y and 44?
22
Suppose -3*t + 21 - 9 = 0. Suppose 0 = -10*y + 434 - 74. Calculate the highest common factor of y and t.
4
Let c(i) = 9*i - 20. Suppose 13*k - 80 = 8*k. Let b be c(k). Suppose d - 2*u = 29 - 3, -5*d = -4*u - b. What is the greatest common divisor of d and 264?
24
Suppose 2*g - 56 = -3*a + 7*a, -g - 5*a = -21. Let u be 2/(-2)*(-20)/((-180)/(-117)). Calculate the greatest common divisor of u and g.
13
Let x be (-4 - -1)*1 - (-459)/(-17). Let m = -15 - x. What is the highest common divisor of 165 and m?
15
Suppose -2*l = 3*m - 17, 3*m + 2*m - 5*l - 20 = 0. Calculate the greatest common factor of m and 320.
5
Suppose 0 = z + 3*i - 78, 0 = 3*i + 2*i + 20. Let q = 4054 - 4036. What is the greatest common divisor of z and q?
18
Suppose -4*t + 4*a - 76 = -0*a, 3*a = -2*t - 18. Let s = t + 16. Let i = 2 + s. Calculate the highest common factor of i and 9.
3
Let w = 14 + 26. Let o = w - -15. What is the greatest common factor of o and 22?
11
Let c = 2844 + -1900. What is the greatest common divisor of c and 177?
59
Suppose 6*b - 5*b - 25 = -5*p, -4*p = -4*b - 20. Calculate the greatest common factor of p and 15.
5
Suppose 3*h + 3*h = 72. Suppose h*a - 165 = 99. What is the greatest common divisor of 33 and a?
11
Let b(q) = 33*q + 7*q + 2 - 10*q. Let f be b(1). Suppose -4*x = -0*h + 4*h - 120, 2*x = -5*h + 156. What is the greatest common factor of h and f?
32
Suppose -14*q = -4*a - 12*q + 146, 3*a = 4*q + 112. What is the highest common factor of a and 132?
12
Let o = -23 - -28. Suppose -2*j = -o*r - 77 - 175, 0 = j - 5*r - 116. Let i be j/32 + (-1)/4. Calculate the greatest common factor of 6 and i.
2
Let o = -428 + 618. Calculate the highest common divisor of o and 114.
38
Let v(t) = -t**3 - 5*t**2 - 2*t - 4. Let l be v(-4). Let r = l + 20. Calculate the greatest common factor of r and 56.
8
Let y = 5561 + -3702. What is the greatest common factor of 11 and y?
11
Let z = -668 - -682. What is the greatest common factor of 42 and z?
14
Let r = 0 + 7. Suppose -4 = -r*q + 38. What is the greatest common factor of q and 66?
6
Let p = 238 + -133. What is the greatest common factor of 140 and p?
35
Let r(s) = -12*s**2 + 12*s**2 + 10*s**2 + 3 - 2*s. Let k be r(1). What is the highest common factor of k and 110?
11
Suppose -2*d - 45 = -l - d, 5*d + 133 = 3*l. What is the greatest common factor of 2 and l?
2
Suppose -56*h + 70237 = -65899. What is the highest common divisor of h and 11?
11
Let r = -37 + 53. Suppose -47*l = -25*l - 88. What is the highest common factor of r and l?
4
Let l(a) = 3*a - 7. Let b(s) = -4*s + 6. Let x(f) = 5*b(f) + 4*l(f). Let r be x(-5). Calculate the greatest common factor of 14 and r.
14
Let w(k) = 6*k**2 + 4*k. Let g be w(-4). Let n be ((-6)/(-8))/((-18)/(-264)). Suppose -7*o - n = -123. What is the highest common divisor of g and o?
16
Let c be (-4)/(24/(-6))*18/1. Calculate the greatest common divisor of c and 18.
18
Let a(v) = 6 + v + 27*v**3 - 2*v + 10 - 26*v**3 - 2*v**2. Let c be a(0). Suppose -r - j + 13 - 2 = 0, 6 = 2*j. What is the highest common factor of c and r?
8
Let o(n) = n**3 + 2*n**2 + 5*n + 184. Let z be o(0). Calculate the highest common divisor of z and 16.
8
Let s(m) = -m**3 + m**2 + m - 53. Let o be s(0). Let a = -33 - o. Suppose 3*q - q - a = 0. Calculate the greatest common divisor of q and 5.
5
Let f = 4 + -2. Suppose 2*d - 14 = f*o - 4*o, d - 3*o = 3. Let l(q) = q**3 - 6*q**2 + 3*q - 8. Let j be l(d). Calculate the greatest common divisor of j and 50.
10
Let g be 3/(1 + 2) - -3. Suppose 124 = -g*w + 8*w. What is the greatest common divisor of 155 and w?
31
Let o = -18 + -18. Let a be (o/(-21))/(1/14). What is the greatest common factor of a and 120?
24
Let p be (-4 - 21/(-3)) + 951. What is the highest common factor of 18 and p?
18
Let v = 111 + -23. What is the greatest common factor of 550 and v?
22
Suppose 0 = 4*s - 2*s + 2*z + 4, 4*s = -z + 7. Suppose 0 = -s*l + 178 + 302. Calculate the greatest common divisor of l and 10.
10
Let n(r) = -5*r**3 + 2*r**2 + 2*r - 3. Let f be n(-3). Suppose 0 = t - 7*t + f. Calculate the highest common divisor of t and 216.
24
Let t(v) = 13*v - 164. Let k be t(20). Calculate the highest common factor of 15 and k.
3
Let x(k) = 2*k**3 + 2*k**2 - 17*k + 10. Let t be x(5). Calculate the highest common factor of 150 and t.
75
Let f = 68 - 78. Let u be (2 - (-65)/f)*-28. Calculate the greatest common factor of 42 and u.
42
Let b be 0 + -5 + 9 - (1 - 37). Suppose -5*c + c + 22 = 5*t, t - 6 = -c. Calculate the highest common divisor of b and c.
8
Let t(d) = -7*d**2 + 162*d + 58. Let s be t(23). Suppose 5*f = -2*j - 3*j + 55, -2*j + 4*f = -10. What is the greatest common factor of j and s?
9
Suppose -5*d + 5*x + 320 + 665 = 0, -2*d + 388 = x. What is the greatest common divisor of 15 and d?
15
Let s be 252*((-3)/(-18))/((-2)/(-6)). Suppose -16 = 5*j - 86. Calculate the greatest common divisor of s and j.
14
Let d be 52/12 - 2/(-3). Let o be -4*(-2)/(d - 1). Suppose z + p = 13, z - 13 = -o*p - 0. Calculate the highest common factor of z and 13.
13
Let o(m) = -218*m + 430. Let p be o(-6). What is the greatest common factor of 44 and p?
22
Let n be (-981)/(-7) + (60/70 - 1). Let q be 4/(-8) + 71/2. Calculate the highest common factor of n and q.
35
Let k(s) = 2*s - 4. Let z = -10 + 13. Let j be k(z). Suppose -j*l = -4*l + 140. Calculate the greatest common factor of 10 and l.
10
Suppose c = 22 + 38. Suppose -4*u = -3*a - a - 148, -4*u + 163 = a. Calculate the greatest common factor of c and u.
20
Let m(g) = -63*g + 11. Let s be m(-1). Calculate the greatest common factor of s and 148.
74
Let c = 42 + -17. Let d be (-4)/(-3)*(29 - -1). Suppose 3*v + 3*k - 24 = 0, 3*v - 6*k + k = d. Calculate the greatest common factor of v and c.
5
Let